the greatest common factor of z and n.
9
Suppose -3898999 + 756871 = -121*o. What is the greatest common divisor of 48 and o?
48
Suppose 20 = -4*j, 0 = -c - c + 2*j + 56. Let p(q) = q**3 + 54*q**2 + 162*q + 3062. Let a be p(-52). Calculate the highest common factor of c and a.
23
Suppose -42*z - 5*y - 113 = -44*z, -4*z = y - 237. What is the highest common divisor of 2950 and z?
59
Suppose 22*i - 41344 = 90*i. Let g = -597 - i. Let j = -37 + 125. Calculate the highest common factor of j and g.
11
Let z = -21 - -27. Let r be 2 - 0 - (-1 - z - -5). Calculate the greatest common divisor of 144 and r.
4
Let b = -61 + 89. Let a be 205/(-7) - (3 - 92/b). Let d = a - -45. Calculate the highest common factor of d and 16.
16
Let h(p) = -49*p - 532. Let o be h(-23). What is the highest common factor of o and 34?
17
Suppose 1354 = -49*w + 53*w - 3902. Calculate the highest common factor of w and 8.
2
Suppose -11 = -13*l + 2. Let f(o) = 33*o**2 + 9*o - 9. Let y be f(l). What is the greatest common factor of y and 55?
11
Suppose -27 = 4*p - 23. Let b be (-43)/(-6) + p/6. Suppose 13*a - 734 = -97. Calculate the highest common divisor of b and a.
7
Let f be (18/(-15))/((-6)/20). Let m = 41 - -54. Let i = 99 - m. What is the greatest common factor of f and i?
4
Let l be 4/5 - -3*9*2865/2025. What is the greatest common divisor of l and 186?
3
Suppose -p + a + 29 = 0, -5*p + 0*a = 2*a - 145. Suppose -202*x - 1493 + 7351 = 0. What is the greatest common divisor of x and p?
29
Let h = -566 + 331. Let s = h - -237. What is the greatest common factor of 19 and s?
1
Let s(d) = 1231*d - 347. Let y be s(16). Calculate the highest common factor of y and 22.
11
Suppose -109 = -f - 2*b + 4, -3*b + 447 = 4*f. Let z = f - 97. Let v be (-385)/z*12/(-15). What is the greatest common divisor of v and 154?
22
Let g(q) = 2*q**2 + 36*q + 55. Let o be g(-25). What is the highest common factor of 324 and o?
81
Suppose 4*x + 5 = 21. Let m = 406 - 236. Suppose m = 4*s + 2*a, -2*a = -4*s - 5*a + 167. What is the highest common factor of s and x?
4
Let r(f) = f**2 - 16*f + 247 + 4*f + 7*f. Let b be r(0). What is the highest common factor of 26 and b?
13
Let y = -7505 + 7553. Suppose -3*x + 2*x + 96 = 0. What is the highest common divisor of x and y?
48
Let i(l) = 47*l - 1346. Let z be i(30). Suppose 4*s - 13 = 3. Calculate the highest common factor of z and s.
4
Suppose -4*j = -a - 233, 0*j + j = 5*a + 63. Suppose 179 = 7*c - 633. What is the highest common divisor of c and j?
58
Let j = -1904 + 1991. Calculate the greatest common factor of j and 3567.
87
Let h = 32256 - 32222. Suppose -12 = -3*s - p - 2*p, 0 = -3*s - 5*p + 4. Calculate the highest common factor of s and h.
2
Let u = -80 + 82. Suppose -2 = -u*w - 2*b, -w + b - 4 + 13 = 0. Calculate the highest common divisor of 55 and w.
5
Let u be 2220/12 - (1/1 - (8 + -6)). Calculate the greatest common factor of u and 6417.
93
Suppose 4*t = -4*a, -3*a - 3*t = a - 4. Suppose a*g - 2*g = 36. Let w = 135 + 9. Calculate the greatest common factor of w and g.
18
Suppose 4*s - 2599 = x + 920, -x + 881 = s. What is the highest common factor of s and 32?
16
Let w be (2 - (-3 - -3 - -1))*5. Let v(z) = 3*z**2 - 4*z - 1. Let h be v(w). Calculate the highest common divisor of h and 24.
6
Let x be 34*(-50)/(-4) + 0/(-20). Let p = -313 + x. Calculate the greatest common divisor of p and 7.
7
Let x be 15/2*(-384)/144. Let d be (-12)/x + 87/15*3. What is the highest common factor of d and 198?
18
Let o = -364 - -327. Let z = o - -63. Calculate the highest common factor of z and 754.
26
Let i = -6913 - -7039. Suppose -28 = -4*z + 2*a, -22 = -3*z - 5*a - 1. What is the highest common factor of z and i?
7
Let o(z) = z**2 - 59*z + 193. Let b be o(59). Calculate the greatest common divisor of b and 2702.
193
Suppose -108*c + 107*c = 0. Suppose -22*u + 14*u + 128 = c. Suppose -4*z + u = 0, -z + 5*z + 110 = w. What is the highest common divisor of w and 14?
14
Suppose 64 = n - 3*h, 287 = n + 4*n - 4*h. Suppose 20*j + 8*j - 112 = 0. Suppose -2*l + 6 + j = 0. Calculate the highest common divisor of l and n.
5
Suppose 6*g = -5*g - 11. Let b be -4 + (168 - (3 + g)*1). Calculate the highest common divisor of b and 36.
18
Suppose 55*a - 168 = 657. What is the highest common divisor of 265 and a?
5
Let o = -236 + 228. Let n be (2196/61)/((-2)/o). Calculate the greatest common factor of 27 and n.
9
Suppose -20*a - 12*a - 60 = -42*a. Calculate the highest common factor of a and 15180.
6
Let w = -190 + 356. Let h = 208 - w. What is the greatest common factor of 6 and h?
6
Let r(q) = q**3 - 52*q**2 - 6*q + 317. Let m be r(52). Let a = -5 - -10. Calculate the greatest common divisor of a and m.
5
Let y be 1/(15/40 + (-8335)/22248). Calculate the highest common divisor of y and 412.
103
Let a be (-97)/(-2) + 6/(-12). Let p be (-5)/((-136)/a + (-1 - -3)). Calculate the highest common factor of 4 and p.
2
Let n(d) be the first derivative of 3*d**2/2 - 13*d + 6. Let z be n(6). Suppose -3*p + 272 = z*p. Calculate the highest common divisor of 17 and p.
17
Let i be (-2)/5 - (5 - (-35)/(-25)). Let t be (1 - 4)*(2252/3)/i. Let z = 813 - t. Calculate the greatest common divisor of 50 and z.
50
Suppose -s + 25 + 37 = -56. What is the greatest common factor of 3186 and s?
118
Let k be 7*4 + (6 - 4). Suppose -s - 5*g + k = 0, 2*s + s - 5*g - 10 = 0. Suppose 37*o - 15120 = -179*o. Calculate the highest common factor of s and o.
10
Let h = 638 + -635. Suppose -q - 4*j = -h*j - 576, 1748 = 3*q - j. What is the greatest common factor of q and 166?
83
Let j be (-3)/((-3)/(-2))*(-8 - -17). Let s be (1 + 146/(-6))/(j/108). What is the highest common divisor of s and 28?
28
Let n = -1321 - -1327. Calculate the highest common factor of n and 54.
6
Suppose 9*z = 3*z + 66. Suppose 21 = z*k - 4*k. Suppose -4*r - r = -2*a + 836, k*a - 1277 = -4*r. What is the highest common divisor of 47 and a?
47
Let y = -184 + 198. Suppose 0 = -21*i + y*i + 147. What is the highest common divisor of i and 15?
3
Suppose -h - 26 = 2*w - 36, 3*h - 5*w - 41 = 0. Suppose 0 = -h*p + 1842 + 498. What is the highest common divisor of 75 and p?
15
Let h = 123 - 101. Suppose 6*f - h = 176. What is the greatest common factor of 55 and f?
11
Let b(m) = 14*m - 202. Suppose -14*a + 18 = -13*a + p, -70 = -5*a + 5*p. Let h be b(a). What is the greatest common divisor of 77 and h?
11
Let v be (337 - -25)/(1*11) - (-2)/22. What is the greatest common divisor of 5973 and v?
33
Let t = -2160 - -2460. Calculate the highest common divisor of 480 and t.
60
Suppose 86*l - 10268 = 16*l + 36*l. Calculate the highest common divisor of l and 4.
2
Let d = 9088 - 5998. Calculate the greatest common divisor of 30 and d.
30
Let u = -16293 - -16300. What is the greatest common factor of 203 and u?
7
Suppose -5*h + 427 = 4*a - 53, 5*h - 5*a = 480. Let z be 26 - 11 - -115 - (11 - 1). Calculate the highest common factor of z and h.
24
Let f be ((-852)/(-9))/(582/(-54) + 11). Calculate the greatest common factor of 36 and f.
6
Suppose 25*b - 75968 - 235168 - 158064 = 0. What is the greatest common factor of b and 24?
24
Suppose 3*x - 74704 = 4*h, 32*x + 74696 = 35*x - 2*h. Calculate the highest common divisor of 64 and x.
64
Suppose 7*m = 35*m - 12740. Calculate the greatest common factor of 2470 and m.
65
Let k(h) = 2*h**2 + 5*h + 2. Let d be k(-4). Suppose 17*n - 777 = d*n. Suppose -37 = 5*u - 6*u. What is the highest common factor of u and n?
37
Let n be (0 - (-4)/3)*3. Suppose n*j - h + 7 - 16 = 0, 3*j + h = 5. Suppose 0 = -j*f + 53 - 11. What is the highest common divisor of 126 and f?
21
Suppose 5*k + 5*v - 684 = 6871, 5*k - v = 7567. Calculate the greatest common factor of 68 and k.
17
Suppose -25*t = -20*t - 10, -4*r + 566 = -5*t. Suppose 5*c - 187 = -5*a + 33, 0 = -4*c + 4*a + r. Calculate the highest common factor of c and 440.
40
Let g = -341 - -101. Let p be g/75 - 2/(-10). Let q be (-48)/4*(1 - (-13)/p). What is the greatest common factor of q and 20?
20
Suppose 290*l = 61183 + 885377. What is the highest common factor of l and 24?
24
Let n be (-418)/76*21*-2. What is the highest common factor of n and 189?
21
Let w = 133 - 171. Let a = 46 + w. Suppose 83 = 5*y - 3*u - 37, u = 2*y - 48. Calculate the highest common factor 